ommon factor of 4797331 and 11.
11
Calculate the highest common factor of 113 and 309620.
113
Calculate the greatest common divisor of 12566 and 515.
103
Calculate the highest common divisor of 4398 and 18.
6
Calculate the highest common divisor of 17732 and 5239.
403
What is the greatest common factor of 20450 and 2150?
50
Calculate the highest common factor of 4675 and 1122.
187
What is the highest common factor of 120 and 4120?
40
What is the greatest common factor of 244256 and 272?
272
What is the highest common divisor of 57 and 19?
19
What is the greatest common factor of 846 and 23876?
94
What is the highest common factor of 25580 and 1340?
20
Calculate the greatest common divisor of 1430 and 2353.
13
What is the greatest common divisor of 61635 and 105?
105
What is the greatest common divisor of 12330 and 144?
18
What is the greatest common factor of 352469 and 247?
247
What is the greatest common divisor of 5808 and 847?
121
Calculate the highest common factor of 102 and 82620.
102
Calculate the greatest common factor of 63769 and 43.
43
Calculate the highest common divisor of 6117 and 3.
3
Calculate the greatest common divisor of 40809 and 11895.
183
What is the greatest common divisor of 9366 and 714?
42
What is the highest common divisor of 107 and 35?
1
What is the greatest common factor of 2115 and 6909?
141
Calculate the greatest common divisor of 112 and 34.
2
What is the highest common factor of 286 and 6820?
22
Calculate the highest common factor of 344266 and 182.
26
Calculate the highest common divisor of 49840 and 4895.
445
Calculate the greatest common factor of 43277 and 13.
13
Calculate the greatest common factor of 11415 and 2445.
15
Calculate the greatest common divisor of 108934 and 3906.
434
What is the greatest common factor of 176 and 16208?
16
What is the highest common factor of 285 and 9870?
15
What is the highest common divisor of 4 and 4362?
2
What is the greatest common factor of 21 and 13767?
3
Calculate the greatest common divisor of 1881 and 561.
33
What is the highest common divisor of 24 and 101328?
24
What is the greatest common divisor of 279531 and 58?
29
What is the highest common divisor of 5562 and 824?
206
Calculate the highest common divisor of 72635 and 1095.
365
Calculate the highest common factor of 131216 and 3304.
472
What is the greatest common divisor of 676809 and 189?
189
What is the greatest common factor of 248655 and 1370?
685
What is the highest common divisor of 996 and 10678116?
996
Calculate the greatest common factor of 88640 and 3200.
320
Calculate the greatest common factor of 1297362 and 2904.
726
Calculate the highest common factor of 970 and 19105.
5
Calculate the greatest common divisor of 5336 and 10856.
184
What is the greatest common divisor of 5872 and 33392?
16
Calculate the greatest common divisor of 130 and 25870.
130
What is the highest common divisor of 175 and 1360835?
35
What is the greatest common divisor of 17 and 193001?
17
What is the highest common divisor of 2183 and 407?
37
What is the greatest common divisor of 98176 and 25960?
472
What is the highest common factor of 20 and 20?
20
Calculate the highest common divisor of 216116 and 6.
2
What is the highest common factor of 132585 and 285?
15
What is the greatest common divisor of 1191248 and 16?
16
Calculate the greatest common divisor of 3707 and 10784.
337
Calculate the highest common factor of 33 and 65901.
33
What is the highest common divisor of 200081 and 36057?
707
Calculate the greatest common divisor of 29 and 2005379.
29
What is the highest common divisor of 5129 and 667?
23
What is the greatest common divisor of 275 and 6925?
25
What is the highest common divisor of 2704 and 2384?
16
What is the greatest common divisor of 112 and 39728?
16
What is the greatest common factor of 5632 and 55?
11
Calculate the greatest common factor of 9 and 147141.
9
What is the greatest common divisor of 8500 and 10540?
340
Calculate the greatest common factor of 3948 and 1332.
12
What is the greatest common factor of 11 and 12573?
11
Calculate the highest common divisor of 2849621 and 281.
281
Calculate the greatest common divisor of 235710 and 1164.
582
What is the greatest common factor of 244961 and 2435?
487
Calculate the highest common divisor of 150181 and 716.
179
What is the greatest common divisor of 86 and 527911?
43
Calculate the highest common divisor of 29791 and 403.
31
Calculate the highest common divisor of 119753 and 310.
31
Calculate the greatest common factor of 515875 and 3125.
125
What is the greatest common factor of 167138 and 37238?
866
What is the greatest common factor of 656 and 14678?
82
Calculate the highest common factor of 12455255 and 965.
965
Calculate the highest common factor of 82839 and 795.
159
Calculate the greatest common factor of 1362670 and 688.
86
What is the highest common divisor of 113508 and 1116?
36
Calculate the highest common divisor of 232 and 1208.
8
Calculate the highest common divisor of 2 and 34781.
1
What is the highest common factor of 32487 and 15249?
663
What is the greatest common divisor of 42 and 10158?
6
Calculate the greatest common factor of 164 and 476.
4
What is the highest common divisor of 5883 and 3498?
159
What is the greatest common divisor of 758640 and 696?
696
What is the highest common divisor of 296841 and 3?
3
What is the highest common factor of 2161 and 22?
1
What is the greatest common divisor of 605374 and 1232?
154
Calculate the greatest common divisor of 64756 and 4.
4
Calculate the greatest common factor of 1680 and 7920.
240
Calculate the greatest common divisor of 262 and 4698577.
131
Calculate the greatest common factor of 25 and 473950.
25
Calculate the highest common divisor of 25 and 343025.
25
What is the highest common factor of 69 and 26588?
23
Calculate the highest common divisor of 1348722 and 18.
18
What is the greatest common divisor of 91 and 7969?
13
What is the greatest common factor of 8547 and 616?
77
Calculate the highest common factor of 16 and 168032.
16
What is the highest common divisor of 1486914 and 66?
66
What is the greatest common factor of 176 and 1703152?
176
What is the highest common factor of 85415 and 990?
55
What is the greatest common factor of 89400 and 315?
15
What is the highest common factor of 24420 and 420?
60
Calculate the highest common divisor of 62946 and 351.
117
What is the greatest common divisor of 124 and 65503?
31
Calculate the greatest common divisor of 666 and 33138.
18
What is the highest common divisor of 147 and 1851?
3
Calculate the highest common factor of 184 and 18446.
46
What is the greatest common factor of 3888 and 82224?
144
Calculate the highest common factor of 11466 and 73944.
234
Calculate the greatest common divisor of 1789 and 3.
1
Calculate the greatest common divisor of 2620 and 1100.
20
Calculate the greatest common factor of 15908 and 164.
164
What is the highest common divisor of 6507 and 36?
9
What is the greatest common factor of 697 and 3403?
41
What is the highest common factor of 1208564 and 1428?
476
What is the highest common divisor of 415 and 5519915?
415
What is the highest common divisor of 18308 and 6368?
796
What is the highest common divisor of 90 and 103815?
45
What is the greatest common divisor of 2 and 85756?
2
Calculate the highest common factor of 7848 and 16.
8
Calculate the greatest common divisor of 323256 and 84.
12
What is the greatest common divisor of 145560 and 120?
120
Calculate the greatest common divisor of 46 and 1589461.
23
Calculate the greatest common divisor of 256558 and 666.
74
Calculate the greatest common divisor of 380 and 83068.
76
Calculate the greatest common factor of 75884 and 78812.
244
Calculate the highest common divisor of 100629 and 297.
27
Calculate the greatest common factor of 78 and 341224.
26
What is the greatest common factor of 66903 and 87?
87
What is the greatest common divisor of 10772463 and 1599?
1599
What is the highest common factor of 597450 and 70?
70
What is the highest common factor of 16940 and 2035?
55
Calculate the highest common divisor of 186916 and 2988.
332
What is the greatest common divisor of 12 and 1903332?
12
Calculate the highest common factor of 516 and 2254232.
17